 (base 7) to base 13.
5
What is 10 (base 4) in base 14?
4
What is -111 (base 5) in base 10?
-31
-21 (base 4) to base 10
-9
What is -3 (base 11) in base 3?
-10
Convert 2 (base 13) to base 2.
10
Convert -c (base 13) to base 15.
-c
Convert 2a (base 14) to base 13.
2c
Convert 3 (base 4) to base 13.
3
Convert -4 (base 15) to base 5.
-4
-66 (base 11) to base 5
-242
What is -49 (base 13) in base 11?
-56
Convert -333 (base 4) to base 6.
-143
Convert -141 (base 6) to base 16.
-3d
-17 (base 15) to base 7
-31
Convert 2 (base 10) to base 15.
2
Convert -152 (base 6) to base 2.
-1000100
What is 73 (base 11) in base 5?
310
-10211 (base 3) to base 14
-75
2 (base 13) to base 5
2
Convert -25 (base 11) to base 8.
-33
Convert 3 (base 7) to base 3.
10
Convert 1 (base 10) to base 9.
1
20 (base 9) to base 16
12
Convert 13 (base 10) to base 2.
1101
-33 (base 10) to base 15
-23
-4 (base 7) to base 9
-4
-332 (base 5) to base 15
-62
16 (base 9) to base 12
13
What is -29 (base 16) in base 14?
-2d
Convert -231 (base 4) to base 7.
-63
Convert -3 (base 9) to base 7.
-3
-3 (base 15) to base 14
-3
What is -7e (base 16) in base 6?
-330
-5 (base 6) to base 10
-5
Convert 5 (base 6) to base 12.
5
What is 6 (base 14) in base 9?
6
Convert -a (base 11) to base 6.
-14
Convert -1 (base 11) to base 6.
-1
What is 0 (base 13) in base 3?
0
-2 (base 16) to base 5
-2
-2 (base 10) to base 2
-10
Convert -1 (base 13) to base 4.
-1
-5 (base 7) to base 3
-12
Convert -2 (base 11) to base 16.
-2
What is 0 (base 9) in base 6?
0
Convert 88 (base 9) to base 7.
143
-221 (base 5) to base 8
-75
What is -6 (base 12) in base 8?
-6
-4 (base 5) to base 11
-4
Convert 17 (base 11) to base 4.
102
Convert 0 (base 10) to base 7.
0
-11 (base 14) to base 5
-30
3 (base 12) to base 9
3
-1103 (base 5) to base 13
-ba
What is -2 (base 13) in base 8?
-2
What is -5 (base 7) in base 3?
-12
What is -12 (base 16) in base 4?
-102
Convert -24 (base 7) to base 3.
-200
49 (base 13) to base 6
141
What is 7 (base 10) in base 3?
21
-7 (base 8) to base 12
-7
1403 (base 5) to base 7
444
Convert 37 (base 9) to base 10.
34
-1 (base 13) to base 11
-1
-10 (base 3) to base 12
-3
6 (base 15) to base 11
6
40 (base 9) to base 8
44
What is -60 (base 13) in base 8?
-116
133 (base 5) to base 9
47
What is -300 (base 6) in base 2?
-1101100
Convert 19 (base 12) to base 14.
17
What is 3 (base 7) in base 11?
3
Convert -1 (base 14) to base 13.
-1
What is 1 (base 2) in base 13?
1
Convert 111 (base 2) to base 11.
7
Convert 0 (base 16) to base 4.
0
Convert -12a (base 11) to base 2.
-10011001
a (base 16) to base 2
1010
What is 2222 (base 3) in base 6?
212
-1 (base 14) to base 7
-1
2 (base 7) to base 14
2
4 (base 9) to base 13
4
Convert 7 (base 10) to base 9.
7
What is -24 (base 6) in base 11?
-15
Convert 1 (base 4) to base 6.
1
Convert -32 (base 9) to base 4.
-131
3 (base 14) to base 3
10
Convert 351 (base 6) to base 10.
139
Convert b4 (base 12) to base 14.
9a
Convert 42 (base 7) to base 13.
24
What is 27 (base 16) in base 15?
29
21102 (base 3) to base 15
d5
242 (base 5) to base 10
72
1 (base 6) to base 4
1
What is -21 (base 3) in base 8?
-7
Convert -40 (base 9) to base 15.
-26
40 (base 13) to base 12
44
142 (base 5) to base 7
65
What is 1a8 (base 11) in base 7?
461
Convert 551 (base 6) to base 7.
421
Convert 340 (base 9) to base 7.
546
Convert -1005 (base 6) to base 5.
-1341
What is 97 (base 16) in base 15?
a1
Convert -8 (base 14) to base 6.
-12
Convert -1f (base 16) to base 10.
-31
What is 8 (base 10) in base 5?
13
What is -76 (base 12) in base 7?
-156
-1200 (base 6) to base 16
-120
-80 (base 11) to base 14
-64
17 (base 9) to base 8
20
-3 (base 16) to base 15
-3
Convert 3 (base 13) to base 2.
11
Convert 5 (base 16) to base 13.
5
What is -1000011 (base 2) in base 9?
-74
-4 (base 16) to base 2
-100
What is -9 (base 11) in base 12?
-9
What is -e (base 15) in base 12?
-12
Convert 9 (base 12) to base 11.
9
a (base 11) to base 8
12
What is 42 (base 9) in base 3?
1102
Convert 3 (base 9) to base 4.
3
What is 155 (base 10) in base 9?
182
What is 100011001 (base 2) in base 5?
2111
What is -22 (base 4) in base 6?
-14
-2 (base 11) to base 14
-2
1 (base 3) to base 11
1
5 (base 11) to base 16
5
8 (base 10) to base 13
8
Convert 2 (base 13) to base 6.
2
What is -11 (base 14) in base 13?
-12
What is -3 (base 8) in base 4?
-3
What is -3 (base 9) in base 3?
-10
What is 111 (base 3) in base 11?
12
-1 (base 6) to base 12
-1
c3 (base 16) to base 8
303
6 (base 12) to base 5
11
0 (base 14) to base 8
0
3 (base 10) to base 11
3
What is 2331 (base 4) in base 6?
513
Convert 13 (base 7) to base 16.
a
31 (base 5) to base 13
13
What is 5 (base 13) in base 3?
12
Convert 1100110 (base 2) to base 16.
66
What is 1001 (base 2) in base 3?
100
What is 0 (base 13) in base 16?
0
Convert -31 (base 7) to base 11.
-20
Convert 1051 (base 6) to base 8.
367
Convert 30 (base 4) to base 15.
c
Convert 34 (base 5) to base 13.
16
30 (base 15) to base 6
113
-5 (base 6) to base 16
-5
-34 (base 13) to base 15
-2d
What is -5 (base 11) in base 12?
-5
What is 124 (base 6) in base 7?
103
Convert 11 (base 12) to base 2.
1101
18 (base 15) to base 16
17
-33 (base 8) to base 9
-30
What is -1a4 (base 12) in base 3?
-100221
Convert 3 (base 6) to base 4.
3
What is 7 (base 16) in base 7?
10
What is -121 (base 3) in base 4?
-100
Convert 103 (base 4) to base 15.
14
3 (base 12) to base 6
3
What is 21 (base 14) in base 16?
1d
Convert 2 (base 4) to base 11.
2
Convert -9 (base 13) to base 11.
-9
-1 (base 2) to base 14
-1
What is -7 (base 16) in base 11?
-7
Convert -65 (base 16) to base 13.
-7a
-6 (base 12) to base 3
-20
19 (base 14) to base 10
23
What is 3a (base 12) in base 3?
1201
1c (base 13) to base 11
23
Convert -43 (base 14) to base 5.
-214
-a (base 14) to base 16
-a
2003 (base 4) to base 7
245
Convert 265 (base 10) to base 13.
175
-1 (base 16) to base 5
-1
Convert -10 (base 14) to base 7.
-20
Convert 114 (base 5) to base 11.
31
Convert -3 (base 4) to base 6.
-3
Convert 1 (base 4) to base 6.
1
63 (base 13) to base 4
1101
-103 (base 5) to base 10
-28
What is c2 (base 14) in base 7?
332
-36 (base 9) to base 15
-23
-40 (base 6) to base 8
-30
Convert 0 (base 2) to base 12.
0
What is -220 (base 7) in base 4?
-1300
Convert 21 (base 12) to base 15.
1a
What is 2 (base 7) in base 14?
2
Convert -3e (base 16) to base 11.
-57
What is 104 (base 5) in base 16?
1d
Convert -113 (base 4) to base 14.
-19
What is -11 (base 13) in base 14?
-10
What is -2 (base 5) in base 9?
-2
121 (base 3) to base 5
31
What is -15 (base 9) in base 6?
-22
3 (base 14) to base 13
3
Convert -13 (base 12) to base 7.
-21
-1 (base 13) to base 12
-1
-5 (base 16) to base 3
-12
302 (base 4) to base 2
110010
Convert -2 (base 6) to base 4.
-2
Convert 6b (base 14) to base 4.
1133
1010 (base 3) to base 4
132
22 (base 12) to base 7
35
22 (base 4) to base 12
a
What is 3 (base 8) in base 15?
3
-11 (base 16) to base 5
-32
Convert 39 (base 11) to base 8.
52
What is -32 (base 9) in base 6?
-45
What is 1 (base 9) in base 2?
1
-1 (base 13) to base 11
-1
What is 0 (base 13) in base 12?
0
What is 10100011 (base 2) in base 11?
139
-103 (base 7) to base 8
-64
10 (base 3) to base 2
11
-153 (base 10) to base 4
-2121
Convert -2 (base 14) to base 8.
-2
17 (base 11) to base 5
33
Convert -2 (base 15) to base 4.
-2
-4 (base 16) to base 3
-11
-116 (base 9) to base 13
-75
-31 (base 12) to base 8
-45
11 (base 4) to base 7
5
11 (base 2) to base 3
10
Convert -a (base 12) to base 13.
-a
-1 (base 6) to base 14
-1
What is 11 (base 3) in base 7?
4
What is 12 (base 7) in base 2?
1001
-10 (base 5) to base 7
-5
Convert -5 (base 9) to base 10.
-5
Convert 110 (base 5) to base 2.
11110
Convert 201 (base 3) to base 13.
16
What is 405 (base 6) in base 11?
126
Convert 174 (base 8) to base 16.
7c
11 (base 3) to base 14
4
-161 (base 7) to base 6
-232
31 (base 9) to base 6
44
3 (base 4) to base 16
3
What is -1 (base 14) in base 11?
-1
Convert -27 (base 8) to base 2.
-10111
Convert -2a (base 13) to base 11.
-33
What is 1 (base 5) in base 6?
1
100 (base 13) to base 14
c1
Convert 120 (base 7) to base 15.
43
Convert 1c (base 13) to base 8.
31
Convert 4 (base 11) to base 8.
4
-5 (base 14) to base 2
-101
What is 9 (base 11) in base 4?
21
43 (base 9) to base 8
47
Convert 2 (base 5) to base 10.
2
Convert 18 